289097 is divided by 3757.
3565
Calculate the remainder when 12344390 is divided by 133.
128
What is the remainder when 3026873 is divided by 544?
57
Calculate the remainder when 144959627 is divided by 267.
254
Calculate the remainder when 253582421 is divided by 53.
52
Calculate the remainder when 30151 is divided by 9637.
1240
What is the remainder when 267463424 is divided by 1171?
1169
Calculate the remainder when 3101553 is divided by 1134.
63
What is the remainder when 727467 is divided by 1302?
951
What is the remainder when 7485 is divided by 3045?
1395
What is the remainder when 36598115 is divided by 297?
290
What is the remainder when 2306879 is divided by 461375?
4
What is the remainder when 420246 is divided by 41?
37
Calculate the remainder when 20564746 is divided by 403230.
16
What is the remainder when 4736466 is divided by 364342?
20
Calculate the remainder when 262212 is divided by 86769.
1905
What is the remainder when 21437854 is divided by 404?
402
What is the remainder when 22657352 is divided by 18?
14
Calculate the remainder when 120733589 is divided by 3689.
3686
What is the remainder when 2607582104 is divided by 1538?
1536
Calculate the remainder when 18755093 is divided by 421.
385
Calculate the remainder when 4775739 is divided by 2387806.
127
What is the remainder when 796722 is divided by 457?
171
What is the remainder when 142940 is divided by 2421?
101
Calculate the remainder when 161018 is divided by 4482.
4148
What is the remainder when 36002432 is divided by 584?
0
Calculate the remainder when 180350899 is divided by 387.
385
Calculate the remainder when 4690304 is divided by 1172570.
24
Calculate the remainder when 28165465 is divided by 149.
144
What is the remainder when 569958 is divided by 196?
186
What is the remainder when 796214 is divided by 2847?
1901
Calculate the remainder when 226199 is divided by 1654.
1255
Calculate the remainder when 246547 is divided by 1363.
1207
Calculate the remainder when 1039271 is divided by 207846.
41
Calculate the remainder when 1197301157 is divided by 68.
65
What is the remainder when 41043954 is divided by 1636?
1622
What is the remainder when 28984211 is divided by 292?
291
Calculate the remainder when 85659 is divided by 413.
168
Calculate the remainder when 3589560 is divided by 356.
12
Calculate the remainder when 133750351 is divided by 161145.
1
What is the remainder when 605532 is divided by 18986?
16966
What is the remainder when 18558 is divided by 664?
630
Calculate the remainder when 1193891 is divided by 2356.
1755
Calculate the remainder when 140504 is divided by 721.
630
What is the remainder when 5887581 is divided by 1036?
1029
Calculate the remainder when 7991878 is divided by 611.
609
What is the remainder when 161212 is divided by 407?
40
Calculate the remainder when 4614318 is divided by 922837.
133
What is the remainder when 239729983 is divided by 26?
25
Calculate the remainder when 43446259 is divided by 6905.
6904
What is the remainder when 749717 is divided by 9134?
729
What is the remainder when 6564 is divided by 1268?
224
Calculate the remainder when 50321 is divided by 3331.
356
What is the remainder when 20636356 is divided by 6878782?
10
Calculate the remainder when 1158252 is divided by 579119.
14
What is the remainder when 3346343 is divided by 7289?
692
What is the remainder when 135203 is divided by 16572?
2627
Calculate the remainder when 1533 is divided by 854.
679
What is the remainder when 4751 is divided by 425?
76
Calculate the remainder when 2358850 is divided by 471765.
25
Calculate the remainder when 693244 is divided by 231073.
25
What is the remainder when 193075526 is divided by 15?
11
What is the remainder when 4253760 is divided by 373?
68
Calculate the remainder when 1735785 is divided by 13348.
545
What is the remainder when 160572 is divided by 456?
60
What is the remainder when 103235 is divided by 50941?
1353
Calculate the remainder when 374232 is divided by 62364.
48
Calculate the remainder when 408004 is divided by 15098.
358
Calculate the remainder when 7954761 is divided by 1227.
120
Calculate the remainder when 12834 is divided by 6107.
620
Calculate the remainder when 143890 is divided by 7562.
212
Calculate the remainder when 25069322 is divided by 25069313.
9
What is the remainder when 86302584 is divided by 86302550?
34
What is the remainder when 42491385 is divided by 72?
9
Calculate the remainder when 798229 is divided by 798057.
172
Calculate the remainder when 532103 is divided by 263306.
5491
Calculate the remainder when 533035 is divided by 3060.
595
Calculate the remainder when 39641434 is divided by 9671.
5
Calculate the remainder when 42186 is divided by 2359.
2083
Calculate the remainder when 981354 is divided by 580.
574
What is the remainder when 385491850 is divided by 18?
16
Calculate the remainder when 231127 is divided by 5837.
3484
What is the remainder when 216511 is divided by 42883?
2096
Calculate the remainder when 548400 is divided by 548255.
145
What is the remainder when 3738994126 is divided by 901?
900
Calculate the remainder when 148679 is divided by 148384.
295
Calculate the remainder when 32452 is divided by 6400.
452
What is the remainder when 4505622 is divided by 512?
22
What is the remainder when 410790 is divided by 5627?
19
Calculate the remainder when 61829 is divided by 20606.
11
Calculate the remainder when 59425932 is divided by 4.
0
Calculate the remainder when 488512 is divided by 162790.
142
Calculate the remainder when 418899 is divided by 284.
283
Calculate the remainder when 385681 is divided by 128538.
67
What is the remainder when 7771121 is divided by 1942774?
25
What is the remainder when 7785192 is divided by 435?
432
Calculate the remainder when 74457 is divided by 4.
1
Calculate the remainder when 99333 is divided by 89.
9
What is the remainder when 1712931 is divided by 12235?
31
What is the remainder when 2836219 is divided by 348?
19
Calculate the remainder when 84342 is divided by 16853.
77
Calculate the remainder when 3037386 is divided by 4947.
4875
Calculate the remainder when 27700 is divided by 20015.
7685
What is the remainder when 10187363 is divided by 141491?
11
What is the remainder when 19275998 is divided by 69?
20
What is the remainder when 236290 is divided by 144?
130
What is the remainder when 4216677 is divided by 585?
582
What is the remainder when 7000873 is divided by 1750218?
1
Calculate the remainder when 9176386 is divided by 177.
175
Calculate the remainder when 2136274 is divided by 124.
2
What is the remainder when 55859 is divided by 54088?
1771
Calculate the remainder when 174277 is divided by 9093.
1510
Calculate the remainder when 673828 is divided by 134.
76
Calculate the remainder when 26463 is divided by 1832.
815
Calculate the remainder when 19589463 is divided by 507.
504
What is the remainder when 579508 is divided by 25193?
69
What is the remainder when 10927871 is divided by 544?
543
What is the remainder when 5892023 is divided by 19?
9
What is the remainder when 1226270 is divided by 72018?
1964
What is the remainder when 1664338 is divided by 82?
66
Calculate the remainder when 47088 is divided by 495.
63
Calculate the remainder when 24387028 is divided by 63.
43
What is the remainder when 2397864 is divided by 516?
12
What is the remainder when 8559406 is divided by 438?
10
What is the remainder when 191141 is divided by 45403?
9529
Calculate the remainder when 3220884 is divided by 250.
134
Calculate the remainder when 363218092 is divided by 10518.
10516
What is the remainder when 17044 is divided by 797?
307
What is the remainder when 7702989 is divided by 5?
4
Calculate the remainder when 7617278 is divided by 148.
14
Calculate the remainder when 4780692 is divided by 45968.
20
What is the remainder when 679937 is divided by 679740?
197
What is the remainder when 22182463 is divided by 61?
57
Calculate the remainder when 5498183 is divided by 1087.
137
What is the remainder when 234333 is divided by 4681?
283
Calculate the remainder when 34763734 is divided by 82.
80
Calculate the remainder when 88926346 is divided by 61.
58
Calculate the remainder when 934259 is divided by 215.
84
What is the r